?
3, 17, 71119
What are the prime factors of 4519925?
5, 180797
List the prime factors of 110395.
5, 22079
What are the prime factors of 8075184?
2, 3, 13, 12941
What are the prime factors of 9829418?
2, 23, 31, 61, 113
List the prime factors of 96505.
5, 19301
What are the prime factors of 25344231?
3, 11, 29, 71, 373
List the prime factors of 60559.
23, 2633
List the prime factors of 739323.
3, 13, 71, 89
List the prime factors of 413856.
2, 3, 479
List the prime factors of 5133436.
2, 7, 11, 2381
List the prime factors of 21580572.
2, 3, 13, 138337
What are the prime factors of 6073941?
3, 2024647
What are the prime factors of 506909?
13, 38993
List the prime factors of 4582455.
3, 5, 305497
What are the prime factors of 608426?
2, 7, 13, 3343
What are the prime factors of 1163518?
2, 107, 5437
List the prime factors of 3244360.
2, 5, 7, 11587
What are the prime factors of 22489941?
3, 829, 9043
What are the prime factors of 32521791?
3, 47, 263, 877
What are the prime factors of 6014570?
2, 5, 601457
What are the prime factors of 4888190?
2, 5, 23, 53, 401
What are the prime factors of 4861640?
2, 5, 7, 97, 179
What are the prime factors of 11296217?
83, 136099
What are the prime factors of 10235435?
5, 7, 292441
What are the prime factors of 22303265?
5, 4460653
List the prime factors of 6536577.
3, 23, 61, 1553
List the prime factors of 3844452.
2, 3, 229, 1399
List the prime factors of 11285879.
11, 311, 3299
List the prime factors of 3521787.
3, 397, 2957
What are the prime factors of 1571284?
2, 11, 13, 41, 67
List the prime factors of 1082684.
2, 53, 5107
What are the prime factors of 53610?
2, 3, 5, 1787
What are the prime factors of 675236?
2, 29, 5821
List the prime factors of 92299.
23, 4013
What are the prime factors of 1413459?
3, 157051
What are the prime factors of 2463005?
5, 492601
List the prime factors of 333747.
3, 47, 263
List the prime factors of 12767.
17, 751
What are the prime factors of 14480758?
2, 2269, 3191
List the prime factors of 110782.
2, 7, 41, 193
What are the prime factors of 16958118?
2, 3, 1223, 2311
What are the prime factors of 6347261?
6347261
What are the prime factors of 924741?
3, 37, 2777
What are the prime factors of 2578676?
2, 644669
What are the prime factors of 7382758?
2, 37, 99767
What are the prime factors of 5127474?
2, 3, 11, 77689
List the prime factors of 20947172.
2, 829, 6317
List the prime factors of 226877.
7, 32411
List the prime factors of 271526.
2, 127, 1069
What are the prime factors of 509858?
2, 254929
List the prime factors of 157551.
3, 52517
List the prime factors of 753680.
2, 5, 9421
What are the prime factors of 104632?
2, 11, 29, 41
What are the prime factors of 114369?
3, 67, 569
What are the prime factors of 299883?
3, 99961
What are the prime factors of 9063351?
3, 11, 83, 1103
What are the prime factors of 586235?
5, 13, 29, 311
What are the prime factors of 6350628?
2, 3, 229, 2311
What are the prime factors of 4068241?
4068241
What are the prime factors of 17054173?
3467, 4919
List the prime factors of 947158.
2, 473579
List the prime factors of 1359242.
2, 59, 11519
List the prime factors of 1106812.
2, 7, 5647
List the prime factors of 1339778.
2, 11, 60899
What are the prime factors of 2440859?
383, 6373
List the prime factors of 238000.
2, 5, 7, 17
List the prime factors of 982353.
3, 23, 619
What are the prime factors of 3520984?
2, 67, 6569
List the prime factors of 25514134.
2, 71, 353, 509
List the prime factors of 397305.
3, 5, 109
What are the prime factors of 27415056?
2, 3, 571147
What are the prime factors of 1077302?
2, 538651
What are the prime factors of 24431933?
167, 146299
List the prime factors of 1809854.
2, 17, 53231
List the prime factors of 1005019.
1005019
List the prime factors of 2863798.
2, 7, 204557
What are the prime factors of 214800?
2, 3, 5, 179
What are the prime factors of 237724?
2, 103, 577
List the prime factors of 4604347.
11, 23, 18199
What are the prime factors of 235611?
3, 47, 557
List the prime factors of 12473341.
61, 204481
List the prime factors of 2626880.
2, 5, 8209
List the prime factors of 1420286.
2, 7, 101449
List the prime factors of 122472.
2, 3, 7
What are the prime factors of 1460213?
1460213
What are the prime factors of 573822?
2, 3, 71, 449
List the prime factors of 184606.
2, 241, 383
List the prime factors of 1145369.
1145369
List the prime factors of 64218.
2, 3, 7, 11, 139
What are the prime factors of 4777330?
2, 5, 23, 20771
What are the prime factors of 1293127?
11, 10687
What are the prime factors of 492?
2, 3, 41
What are the prime factors of 86031?
3, 11, 79
What are the prime factors of 593122?
2, 296561
List the prime factors of 10882791.
3, 1209199
List the prime factors of 651199.
23, 1231
List the prime factors of 720309.
3, 19, 12637
What are the prime factors of 283722?
2, 3, 47287
What are the prime factors of 278539?
59, 4721
List the prime factors of 526501.
526501
List the prime factors of 6034748.
2, 1508687
What are the prime factors of 1957997?
1957997
What are the prime factors of 3521715?
3, 5, 234781
What are the prime factors of 10277021?
23, 446827
List the prime factors of 4780071.
3, 139, 3821
What are the prime factors of 1963728?
2, 3, 13, 1049
What are the prime factors of 959911?
959911
List the prime factors of 387320.
2, 5, 23, 421
List the prime factors of 4518750.
2, 3, 5, 241
What are the prime factors of 1846256?
2, 23, 29, 173
List the prime factors of 973706.
2, 593, 821
List the prime factors of 3616841.
3616841
What are the prime factors of 143574?
2, 3, 23929
List the prime factors of 137471.
23, 43, 139
List the prime factors of 133699.
23, 5813
What are the prime factors of 12741021?
3, 71, 127, 157
List the prime factors of 146924.
2, 23, 1597
What are the prime factors of 8338659?
3, 7, 31, 12809
List the prime factors of 17106.
2, 3, 2851
What are the prime factors of 9470?
2, 5, 947
List the prime factors of 1570434.
2, 3, 261739
List the prime factors of 933068.
2, 233267
What are the prime factors of 441155?
5, 11, 13, 617
What are the prime factors of 319181?
19, 107, 157
What are the prime factors of 5714795?
5, 1142959
List the prime factors of 4492110.
2, 3, 5, 7, 21391
List the prime factors of 63135.
3, 5, 23, 61
What are the prime factors of 20250769?
7, 11, 37571
List the prime factors of 1408602.
2, 3, 13, 18059
List the prime factors of 18760257.
3, 541, 3853
List the prime factors of 194232.
2, 3, 8093
List the prime factors of 922761.
3, 7, 97, 151
List the prime factors of 714623.
7, 13, 7853
What are the prime factors of 312612?
2, 3, 109, 239
List the prime factors of 21108380.
2, 5, 263, 4013
What are the prime factors of 68040?
2, 3, 5, 7
What are the prime factors of 1908659?
1908659
What are the prime factors of 99853?
13, 7681
What are the prime factors of 5156399?
5156399
What are the prime factors of 979007?
173, 5659
What are the prime factors of 2159034?
2, 3, 17, 61, 347
What are the prime factors of 18642298?
2, 83, 112303
What are the prime factors of 291510?
2, 3, 5, 41, 79
List the prime factors of 1003194.
2, 3, 55733
What are the prime factors of 592398?
2, 3, 32911
What are the prime factors of 56802?
2, 3, 9467
List the prime factors of 1699749.
3, 188861
What are the prime factors of 1959273?
3, 217697
List the prime factors of 31973.
31973
What are the prime factors of 12756530?
2, 5, 613, 2081
List the prime factors of 43153.
11, 3923
What are the prime factors of 81027?
3, 3001
What are the prime factors of 1956524?
2, 317, 1543
What are the prime factors of 290205?
3, 5, 6449
What are the prime factors of 80454?
2, 3, 11, 23, 53
List the prime factors of 58525.
5, 2341
What are the prime factors of 3125659?
3125659
List the prime factors of 4032524.
2, 1008131
List the prime factors of 623641.
623641
What are the prime factors of 13359277?
3329, 4013
What are the prime factors of 2760165?
3, 5, 83, 739
List the prime factors of 206623.
206623
What are the prime factors of 388828?
2, 11, 8837
What are the prime factors of 910438?
2, 455219
List the prime factors of 302569.
443, 683
What are the prime factors of 11517870?
2, 3, 5, 7, 13, 4219
List the prime factors of 1156590.
2, 3, 5, 71, 181
List the prime